{"id":803,"date":"2018-05-14T15:02:34","date_gmt":"2018-05-14T13:02:34","guid":{"rendered":"https:\/\/www.golfresort-lagruyere.ch\/site\/?page_id=803"},"modified":"2020-06-02T17:18:35","modified_gmt":"2020-06-02T15:18:35","slug":"luxe-hotel-5-etoiles","status":"publish","type":"page","link":"https:\/\/www.golfresort-lagruyere.ch\/site\/residence-hoteliere-luxe\/luxe-hotel-5-etoiles\/","title":{"rendered":"Le luxe d&#8217;un H\u00f4tel 5 \u00e9toiles &#8211; Prochainement"},"content":{"rendered":"<p>[et_pb_section fb_built=&#8221;1&#8243; fullwidth=&#8221;on&#8221; _builder_version=&#8221;3.0.47&#8243;][et_pb_fullwidth_image _builder_version=&#8221;3.0.100&#8243; background_image=&#8221;https:\/\/www.golfresort-lagruyere.ch\/site\/wp-content\/uploads\/2020\/06\/entree-hotel-header-1.jpg&#8221; background_position=&#8221;top_center&#8221; custom_padding=&#8221;||60vh|&#8221;][\/et_pb_fullwidth_image][\/et_pb_section][et_pb_section fb_built=&#8221;1&#8243; _builder_version=&#8221;3.0.100&#8243;][et_pb_row use_custom_width=&#8221;on&#8221; custom_width_px=&#8221;900px&#8221; _builder_version=&#8221;3.0.100&#8243; module_alignment=&#8221;center&#8221;][et_pb_column type=&#8221;4_4&#8243; _builder_version=&#8221;3.0.47&#8243; parallax=&#8221;off&#8221; parallax_method=&#8221;on&#8221;][et_pb_divider _builder_version=&#8221;3.0.100&#8243;][\/et_pb_divider][et_pb_text _builder_version=&#8221;3.0.100&#8243; text_font=&#8221;||||||||&#8221; text_font_size=&#8221;31px&#8221; header_font=&#8221;||||||||&#8221;]<\/p>\n<h1 style=\"text-align: center; text-transform: none;\">HOTEL ALiLA LA GRUYERE<\/h1>\n<h2 style=\"text-align: center;\">A luxury brand owned by hyatt<\/h2>\n<p>[\/et_pb_text][et_pb_text _builder_version=&#8221;3.0.100&#8243; custom_padding_last_edited=&#8221;off|phone&#8221;]<\/p>\n<p style=\"text-align: justify;\"><em><strong>Alila exp\u00e9rience : Un vrai retour vers soi-m\u00eame dans une nature pr\u00e9serv\u00e9e.<\/strong><\/em><\/p>\n<p style=\"text-align: justify;\"><strong>ALiLA La Gruy\u00e8re by Hyatt proposera 85 chambres et suites luxueuses, ainsi que 27 r\u00e9sidences h\u00f4teli\u00e8res, garantissant un confort de la plus haute qualit\u00e9 en parfaite harmonie avec son cadre idyllique.<\/strong><\/p>\n<p style=\"text-align: justify;\"><strong><\/strong><\/p>\n<p>[\/et_pb_text][\/et_pb_column][\/et_pb_row][et_pb_row use_custom_width=&#8221;on&#8221; custom_width_px=&#8221;900px&#8221; _builder_version=&#8221;3.0.100&#8243; module_alignment=&#8221;center&#8221;][et_pb_column type=&#8221;1_2&#8243; _builder_version=&#8221;3.0.47&#8243; parallax=&#8221;off&#8221; parallax_method=&#8221;on&#8221;][et_pb_text _builder_version=&#8221;3.0.100&#8243; custom_padding_last_edited=&#8221;off|phone&#8221;]<\/p>\n<p style=\"text-align: justify;\">Chaque chambre ou suite jouira d\u2019une vue spectaculaire sur le parcours de golf, le lac et les montagnes. Ce cadre d\u2019exception sera accompagn\u00e9 d\u2019un style de vie tr\u00e8s apaisant.<\/p>\n<p style=\"text-align: justify;\">Alila La Gruy\u00e8re partagera la philosophie de la marque qui consiste \u00e0 cr\u00e9er des exp\u00e9riences authentiques accompagn\u00e9s de services personnalis\u00e9s, ancr\u00e9s dans la destination et guid\u00e9s par des experts locaux.<\/p>\n<p style=\"text-align: justify;\">Le Resort proposera en outre une gamme de services sur mesure pour les propri\u00e9taires r\u00e9sidents, tout en respectant les normes de qualit\u00e9 \u00e9lev\u00e9es, pour lesquels Hyatt est reconnu.<\/p>\n<p>[\/et_pb_text][\/et_pb_column][et_pb_column type=&#8221;1_2&#8243; _builder_version=&#8221;3.0.47&#8243; parallax=&#8221;off&#8221; parallax_method=&#8221;on&#8221;][et_pb_image src=&#8221;https:\/\/www.golfresort-lagruyere.ch\/site\/wp-content\/uploads\/2020\/06\/alila-bar-1000&#215;850.jpg&#8221; alt=&#8221;Un service d\u2019h\u00f4tellerie de tr\u00e8s haute qualit\u00e9 d\u00e9ploie tout son savoir-faire dans une ambiance raffin\u00e9e et authentiquement conviviale.&#8221; _builder_version=&#8221;3.0.100&#8243;][\/et_pb_image][\/et_pb_column][\/et_pb_row][\/et_pb_section]<\/p>\n","protected":false},"excerpt":{"rendered":"<p>[et_pb_section fb_built=&#8221;1&#8243; fullwidth=&#8221;on&#8221; _builder_version=&#8221;3.0.47&#8243;][et_pb_fullwidth_image _builder_version=&#8221;3.0.100&#8243; background_image=&#8221;https:\/\/www.golfresort-lagruyere.ch\/site\/wp-content\/uploads\/2020\/06\/entree-hotel-header-1.jpg&#8221; background_position=&#8221;top_center&#8221; custom_padding=&#8221;||60vh|&#8221;][\/et_pb_fullwidth_image][\/et_pb_section][et_pb_section fb_built=&#8221;1&#8243; _builder_version=&#8221;3.0.100&#8243;][et_pb_row use_custom_width=&#8221;on&#8221; custom_width_px=&#8221;900px&#8221; _builder_version=&#8221;3.0.100&#8243; module_alignment=&#8221;center&#8221;][et_pb_column type=&#8221;4_4&#8243; _builder_version=&#8221;3.0.47&#8243; parallax=&#8221;off&#8221; parallax_method=&#8221;on&#8221;][et_pb_divider _builder_version=&#8221;3.0.100&#8243;][\/et_pb_divider][et_pb_text _builder_version=&#8221;3.0.100&#8243; text_font=&#8221;||||||||&#8221; text_font_size=&#8221;31px&#8221; header_font=&#8221;||||||||&#8221;] HOTEL ALiLA LA GRUYERE A luxury brand owned by hyatt [\/et_pb_text][et_pb_text _builder_version=&#8221;3.0.100&#8243; custom_padding_last_edited=&#8221;off|phone&#8221;] Alila exp\u00e9rience : Un vrai retour vers soi-m\u00eame dans une nature pr\u00e9serv\u00e9e. ALiLA La Gruy\u00e8re by Hyatt proposera 85 [&hellip;]<\/p>\n","protected":false},"author":1,"featured_media":0,"parent":3041,"menu_order":0,"comment_status":"closed","ping_status":"closed","template":"","meta":{"footnotes":""},"class_list":["post-803","page","type-page","status-publish","hentry"],"lang":"fr","translations":{"en":1953,"fr":803,"de":2378,"it":2382,"ru":4157,"es":5869},"pll_sync_post":[],"_links":{"self":[{"href":"https:\/\/www.golfresort-lagruyere.ch\/site\/wp-json\/wp\/v2\/pages\/803"}],"collection":[{"href":"https:\/\/www.golfresort-lagruyere.ch\/site\/wp-json\/wp\/v2\/pages"}],"about":[{"href":"https:\/\/www.golfresort-lagruyere.ch\/site\/wp-json\/wp\/v2\/types\/page"}],"author":[{"embeddable":true,"href":"https:\/\/www.golfresort-lagruyere.ch\/site\/wp-json\/wp\/v2\/users\/1"}],"replies":[{"embeddable":true,"href":"https:\/\/www.golfresort-lagruyere.ch\/site\/wp-json\/wp\/v2\/comments?post=803"}],"version-history":[{"count":40,"href":"https:\/\/www.golfresort-lagruyere.ch\/site\/wp-json\/wp\/v2\/pages\/803\/revisions"}],"predecessor-version":[{"id":10340,"href":"https:\/\/www.golfresort-lagruyere.ch\/site\/wp-json\/wp\/v2\/pages\/803\/revisions\/10340"}],"up":[{"embeddable":true,"href":"https:\/\/www.golfresort-lagruyere.ch\/site\/wp-json\/wp\/v2\/pages\/3041"}],"wp:attachment":[{"href":"https:\/\/www.golfresort-lagruyere.ch\/site\/wp-json\/wp\/v2\/media?parent=803"}],"curies":[{"name":"wp","href":"https:\/\/api.w.org\/{rel}","templated":true}]}}