{"id":781,"date":"2018-05-14T14:40:31","date_gmt":"2018-05-14T12:40:31","guid":{"rendered":"https:\/\/www.golfresort-lagruyere.ch\/site\/?page_id=781"},"modified":"2020-03-06T08:22:43","modified_gmt":"2020-03-06T07:22:43","slug":"immobilier-prestige","status":"publish","type":"page","link":"https:\/\/www.golfresort-lagruyere.ch\/site\/immobilier-suisse\/immobilier-prestige\/","title":{"rendered":"Programme Immobilier de prestige en Suisse"},"content":{"rendered":"<p>[et_pb_section fb_built=&#8221;1&#8243; fullwidth=&#8221;on&#8221; _builder_version=&#8221;3.0.100&#8243; custom_padding=&#8221;|0px||0px&#8221;][et_pb_fullwidth_slider _builder_version=&#8221;3.0.100&#8243;][et_pb_slide _builder_version=&#8221;3.0.100&#8243; background_image=&#8221;https:\/\/www.golfresort-lagruyere.ch\/site\/wp-content\/uploads\/2018\/08\/vh012-environnement-fr.jpg&#8221; background_position=&#8221;bottom_center&#8221;][\/et_pb_slide][et_pb_slide _builder_version=&#8221;3.0.100&#8243; background_image=&#8221;https:\/\/www.golfresort-lagruyere.ch\/site\/wp-content\/uploads\/2019\/06\/golfresort_lagruyere_immobilier-suisse_berne.jpg&#8221;][\/et_pb_slide][\/et_pb_fullwidth_slider][\/et_pb_section][et_pb_section fb_built=&#8221;1&#8243; _builder_version=&#8221;3.0.100&#8243;][et_pb_row use_custom_width=&#8221;on&#8221; custom_width_px=&#8221;770px&#8221; _builder_version=&#8221;3.0.100&#8243;][et_pb_column type=&#8221;4_4&#8243; _builder_version=&#8221;3.0.47&#8243; parallax=&#8221;off&#8221; parallax_method=&#8221;on&#8221;][et_pb_text _builder_version=&#8221;3.0.100&#8243;]<\/p>\n<div class=\"et_pb_text et_pb_module et_pb_bg_layout_light et_pb_text_align_left et_pb_text_5\">\n<div class=\"et_pb_text_inner\">\n<h1 style=\"text-align: center;\"><span>immobilier de prestige <\/span><\/h1>\n<h2 style=\"text-align: center;\"><span>au coeur de la Suisse et de l&#8217;Europe<\/span><\/h2>\n<\/div>\n<\/div>\n<p>[\/et_pb_text][et_pb_text _builder_version=&#8221;3.0.100&#8243;]<\/p>\n<div class=\"et_pb_text et_pb_module et_pb_bg_layout_light et_pb_text_align_left et_pb_text_5\">\n<div class=\"et_pb_text_inner\" style=\"text-align: justify;\"><\/div>\n<\/div>\n<div class=\"et_pb_text et_pb_module et_pb_bg_layout_light et_pb_text_align_left et_pb_text_6\">\n<div class=\"et_pb_text_inner\">\n<p style=\"text-align: justify;\"><strong>PROCHE DES AXES INTERNATIONAUX,\u00a0<\/strong><strong>DES HAUTS-LIEUX TOURISTIQUES &amp; DE LA NATURE<\/strong><\/p>\n<p class=\"p1\" style=\"text-align: justify;\">Le Golf Resort La Gruy\u00e8re offrira une tr\u00e8s grande facilit\u00e9 d\u2019acc\u00e8s. Il b\u00e9n\u00e9ficiera d\u2019infrastructures particuli\u00e8rement bien organis\u00e9es et d\u00e9velopp\u00e9es, \u00e0 l\u2019instar des grands a\u00e9roports internationaux et r\u00e9gionaux de Suisse : Gen\u00e8ve, Zurich, B\u00e2le, Lausanne, Berne ou encore Sion.<\/p>\n<p class=\"p1\" style=\"text-align: justify;\">L\u2019a\u00e9rodrome de Fribourg \u00c9cuvillens, accessible \u00e0 certains avions priv\u00e9s et aux h\u00e9licopt\u00e8res, n\u2019est qu\u2019\u00e0 15 minutes. La gare ferroviaire de Fribourg est situ\u00e9e \u00e0 une quinzaine de minutes seulement du Resort. L\u2019autoroute A12 est encore plus proche avec la sortie Rossens \u00e0 7 minutes.<\/p>\n<\/div>\n<\/div>\n<p>[\/et_pb_text][\/et_pb_column][\/et_pb_row][\/et_pb_section][et_pb_section fb_built=&#8221;1&#8243; fullwidth=&#8221;on&#8221; _builder_version=&#8221;3.0.47&#8243;][et_pb_fullwidth_image src=&#8221;https:\/\/www.golfresort-lagruyere.ch\/site\/wp-content\/uploads\/2018\/09\/ima-acces-fr.jpg&#8221; _builder_version=&#8221;3.0.100&#8243;]<\/p>\n<p>\u00a0<\/p>\n<p>[\/et_pb_fullwidth_image][\/et_pb_section]<\/p>\n","protected":false},"excerpt":{"rendered":"<p>[et_pb_section fb_built=&#8221;1&#8243; fullwidth=&#8221;on&#8221; _builder_version=&#8221;3.0.100&#8243; custom_padding=&#8221;|0px||0px&#8221;][et_pb_fullwidth_slider _builder_version=&#8221;3.0.100&#8243;][et_pb_slide _builder_version=&#8221;3.0.100&#8243; background_image=&#8221;https:\/\/www.golfresort-lagruyere.ch\/site\/wp-content\/uploads\/2018\/08\/vh012-environnement-fr.jpg&#8221; background_position=&#8221;bottom_center&#8221;][\/et_pb_slide][et_pb_slide _builder_version=&#8221;3.0.100&#8243; background_image=&#8221;https:\/\/www.golfresort-lagruyere.ch\/site\/wp-content\/uploads\/2019\/06\/golfresort_lagruyere_immobilier-suisse_berne.jpg&#8221;][\/et_pb_slide][\/et_pb_fullwidth_slider][\/et_pb_section][et_pb_section fb_built=&#8221;1&#8243; _builder_version=&#8221;3.0.100&#8243;][et_pb_row use_custom_width=&#8221;on&#8221; custom_width_px=&#8221;770px&#8221; _builder_version=&#8221;3.0.100&#8243;][et_pb_column type=&#8221;4_4&#8243; _builder_version=&#8221;3.0.47&#8243; parallax=&#8221;off&#8221; parallax_method=&#8221;on&#8221;][et_pb_text _builder_version=&#8221;3.0.100&#8243;] immobilier de prestige au coeur de la Suisse et de l&#8217;Europe [\/et_pb_text][et_pb_text _builder_version=&#8221;3.0.100&#8243;] PROCHE DES AXES INTERNATIONAUX,\u00a0DES HAUTS-LIEUX TOURISTIQUES &amp; DE LA NATURE Le Golf Resort La Gruy\u00e8re offrira une tr\u00e8s grande facilit\u00e9 d\u2019acc\u00e8s. [&hellip;]<\/p>\n","protected":false},"author":1,"featured_media":0,"parent":854,"menu_order":0,"comment_status":"closed","ping_status":"closed","template":"","meta":{"footnotes":""},"class_list":["post-781","page","type-page","status-publish","hentry"],"lang":"fr","translations":{"en":1969,"fr":781,"de":2416,"it":2418,"ru":4267,"es":5930},"pll_sync_post":[],"_links":{"self":[{"href":"https:\/\/www.golfresort-lagruyere.ch\/site\/wp-json\/wp\/v2\/pages\/781"}],"collection":[{"href":"https:\/\/www.golfresort-lagruyere.ch\/site\/wp-json\/wp\/v2\/pages"}],"about":[{"href":"https:\/\/www.golfresort-lagruyere.ch\/site\/wp-json\/wp\/v2\/types\/page"}],"author":[{"embeddable":true,"href":"https:\/\/www.golfresort-lagruyere.ch\/site\/wp-json\/wp\/v2\/users\/1"}],"replies":[{"embeddable":true,"href":"https:\/\/www.golfresort-lagruyere.ch\/site\/wp-json\/wp\/v2\/comments?post=781"}],"version-history":[{"count":14,"href":"https:\/\/www.golfresort-lagruyere.ch\/site\/wp-json\/wp\/v2\/pages\/781\/revisions"}],"predecessor-version":[{"id":9858,"href":"https:\/\/www.golfresort-lagruyere.ch\/site\/wp-json\/wp\/v2\/pages\/781\/revisions\/9858"}],"up":[{"embeddable":true,"href":"https:\/\/www.golfresort-lagruyere.ch\/site\/wp-json\/wp\/v2\/pages\/854"}],"wp:attachment":[{"href":"https:\/\/www.golfresort-lagruyere.ch\/site\/wp-json\/wp\/v2\/media?parent=781"}],"curies":[{"name":"wp","href":"https:\/\/api.w.org\/{rel}","templated":true}]}}